[INFO] cloning repository https://github.com/masuke5/diary2
[INFO] running `Command { std: "git" "-c" "credential.helper=" "-c" "credential.helper=/workspace/cargo-home/bin/git-credential-null" "clone" "--bare" "https://github.com/masuke5/diary2" "/workspace/cache/git-repos/https%3A%2F%2Fgithub.com%2Fmasuke5%2Fdiary2", kill_on_drop: false }`
[INFO] [stderr] Cloning into bare repository '/workspace/cache/git-repos/https%3A%2F%2Fgithub.com%2Fmasuke5%2Fdiary2'...
[INFO] running `Command { std: "git" "rev-parse" "HEAD", kill_on_drop: false }`
[INFO] [stdout] 6cc9b18170d16837a2babf64740e0c40d45d566e
[INFO] checking masuke5/diary2 against master#af3c6e733a40e671550e0f0f5aeecaa13772ba56 for pr-74989
[INFO] running `Command { std: "git" "clone" "/workspace/cache/git-repos/https%3A%2F%2Fgithub.com%2Fmasuke5%2Fdiary2" "/workspace/builds/worker-5/source", kill_on_drop: false }`
[INFO] [stderr] Cloning into '/workspace/builds/worker-5/source'...
[INFO] [stderr] done.
[INFO] validating manifest of git repo https://github.com/masuke5/diary2 on toolchain af3c6e733a40e671550e0f0f5aeecaa13772ba56
[INFO] running `Command { std: "/workspace/cargo-home/bin/cargo" "+af3c6e733a40e671550e0f0f5aeecaa13772ba56" "read-manifest" "--manifest-path" "Cargo.toml", kill_on_drop: false }`
[INFO] started tweaking git repo https://github.com/masuke5/diary2
[INFO] finished tweaking git repo https://github.com/masuke5/diary2
[INFO] tweaked toml for git repo https://github.com/masuke5/diary2 written to /workspace/builds/worker-5/source/Cargo.toml
[INFO] crate git repo https://github.com/masuke5/diary2 already has a lockfile, it will not be regenerated
[INFO] running `Command { std: "/workspace/cargo-home/bin/cargo" "+af3c6e733a40e671550e0f0f5aeecaa13772ba56" "fetch" "--locked" "--manifest-path" "Cargo.toml", kill_on_drop: false }`
[INFO] [stderr]     Blocking waiting for file lock on package cache
[INFO] running `Command { std: "docker" "create" "-v" "/var/lib/crater-agent-workspace/builds/worker-5/target:/opt/rustwide/target:rw,Z" "-v" "/var/lib/crater-agent-workspace/builds/worker-5/source:/opt/rustwide/workdir:ro,Z" "-v" "/var/lib/crater-agent-workspace/cargo-home:/opt/rustwide/cargo-home:ro,Z" "-v" "/var/lib/crater-agent-workspace/rustup-home:/opt/rustwide/rustup-home:ro,Z" "-e" "SOURCE_DIR=/opt/rustwide/workdir" "-e" "CARGO_TARGET_DIR=/opt/rustwide/target" "-e" "CARGO_HOME=/opt/rustwide/cargo-home" "-e" "RUSTUP_HOME=/opt/rustwide/rustup-home" "-w" "/opt/rustwide/workdir" "-m" "1610612736" "--user" "0:0" "--network" "none" "rustops/crates-build-env@sha256:d92eaeed33fa75130ca1ee6c8a01d1ffb62bac859dfdfb3450e3e5d1c0146529" "/opt/rustwide/cargo-home/bin/cargo" "+af3c6e733a40e671550e0f0f5aeecaa13772ba56" "metadata" "--no-deps" "--format-version=1", kill_on_drop: false }`
[INFO] [stdout] a6b4b904b59d5d87679abdea018c381f942d052d0d71b1b9b4c84466742a97d7
[INFO] [stderr] WARNING: Your kernel does not support swap limit capabilities or the cgroup is not mounted. Memory limited without swap.
[INFO] running `Command { std: "docker" "start" "-a" "a6b4b904b59d5d87679abdea018c381f942d052d0d71b1b9b4c84466742a97d7", kill_on_drop: false }`
[INFO] running `Command { std: "docker" "inspect" "a6b4b904b59d5d87679abdea018c381f942d052d0d71b1b9b4c84466742a97d7", kill_on_drop: false }`
[INFO] running `Command { std: "docker" "rm" "-f" "a6b4b904b59d5d87679abdea018c381f942d052d0d71b1b9b4c84466742a97d7", kill_on_drop: false }`
[INFO] [stdout] a6b4b904b59d5d87679abdea018c381f942d052d0d71b1b9b4c84466742a97d7
[INFO] running `Command { std: "docker" "create" "-v" "/var/lib/crater-agent-workspace/builds/worker-5/target:/opt/rustwide/target:rw,Z" "-v" "/var/lib/crater-agent-workspace/builds/worker-5/source:/opt/rustwide/workdir:ro,Z" "-v" "/var/lib/crater-agent-workspace/cargo-home:/opt/rustwide/cargo-home:ro,Z" "-v" "/var/lib/crater-agent-workspace/rustup-home:/opt/rustwide/rustup-home:ro,Z" "-e" "SOURCE_DIR=/opt/rustwide/workdir" "-e" "CARGO_TARGET_DIR=/opt/rustwide/target" "-e" "CARGO_INCREMENTAL=0" "-e" "RUST_BACKTRACE=full" "-e" "RUSTFLAGS=--cap-lints=forbid" "-e" "CARGO_HOME=/opt/rustwide/cargo-home" "-e" "RUSTUP_HOME=/opt/rustwide/rustup-home" "-w" "/opt/rustwide/workdir" "-m" "1610612736" "--user" "0:0" "--network" "none" "rustops/crates-build-env@sha256:d92eaeed33fa75130ca1ee6c8a01d1ffb62bac859dfdfb3450e3e5d1c0146529" "/opt/rustwide/cargo-home/bin/cargo" "+af3c6e733a40e671550e0f0f5aeecaa13772ba56" "check" "--frozen" "--all" "--all-targets" "--message-format=json", kill_on_drop: false }`
[INFO] [stderr] WARNING: Your kernel does not support swap limit capabilities or the cgroup is not mounted. Memory limited without swap.
[INFO] [stdout] f9c85fcb07ebc1c7ba3197911bacca1e8ef015c7a58425327c9e7ff613f63998
[INFO] running `Command { std: "docker" "start" "-a" "f9c85fcb07ebc1c7ba3197911bacca1e8ef015c7a58425327c9e7ff613f63998", kill_on_drop: false }`
[INFO] [stderr]    Compiling unicode-xid v0.2.0
[INFO] [stderr]    Compiling syn v1.0.17
[INFO] [stderr]     Checking slab v0.4.2
[INFO] [stderr]    Compiling cc v1.0.50
[INFO] [stderr]    Compiling semver-parser v0.7.0
[INFO] [stderr]     Checking itoa v0.4.5
[INFO] [stderr]     Checking either v1.5.3
[INFO] [stderr]    Compiling autocfg v0.1.7
[INFO] [stderr]     Checking rand_core v0.4.2
[INFO] [stderr]    Compiling serde v1.0.105
[INFO] [stderr]     Checking foreign-types-shared v0.1.1
[INFO] [stderr]    Compiling openssl v0.10.28
[INFO] [stderr]     Checking bytes v0.5.4
[INFO] [stderr]     Checking futures-core v0.3.4
[INFO] [stderr]     Checking arc-swap v0.4.5
[INFO] [stderr]     Checking pin-project-lite v0.1.4
[INFO] [stderr]    Compiling failure_derive v0.1.7
[INFO] [stderr]     Checking regex-syntax v0.6.17
[INFO] [stderr]    Compiling typenum v1.11.2
[INFO] [stderr]    Compiling getrandom v0.1.14
[INFO] [stderr]     Checking futures-sink v0.3.4
[INFO] [stderr]    Compiling encoding_rs v0.8.22
[INFO] [stderr]    Compiling crc32fast v1.2.0
[INFO] [stderr]     Checking pin-utils v0.1.0-alpha.4
[INFO] [stderr]     Checking futures-task v0.3.4
[INFO] [stderr]     Checking adler32 v1.0.4
[INFO] [stderr]     Checking arrayref v0.3.6
[INFO] [stderr]     Checking ppv-lite86 v0.2.6
[INFO] [stderr]     Checking fake-simd v0.1.2
[INFO] [stderr]    Compiling anyhow v1.0.27
[INFO] [stderr]     Checking base64 v0.11.0
[INFO] [stderr]    Compiling indexmap v1.3.2
[INFO] [stderr]     Checking thread_local v1.0.1
[INFO] [stderr]    Compiling unicase v2.6.0
[INFO] [stderr]    Compiling error-chain v0.12.2
[INFO] [stderr]     Checking try_from v0.3.2
[INFO] [stderr]     Checking lock_api v0.3.3
[INFO] [stderr]     Checking tokio-sync v0.1.8
[INFO] [stderr]     Checking foreign-types v0.3.2
[INFO] [stderr]     Checking futures-channel v0.3.4
[INFO] [stderr]     Checking rand_core v0.3.1
[INFO] [stderr]     Checking rand_jitter v0.1.4
[INFO] [stderr]    Compiling semver v0.9.0
[INFO] [stderr]     Checking futures-util v0.3.4
[INFO] [stderr]     Checking block-buffer v0.3.3
[INFO] [stderr]     Checking miniz_oxide v0.3.6
[INFO] [stderr]    Compiling proc-macro2 v1.0.9
[INFO] [stderr]     Checking log v0.4.8
[INFO] [stderr]     Checking http v0.2.1
[INFO] [stderr]     Checking rand_isaac v0.1.1
[INFO] [stderr]     Checking rand_xorshift v0.1.1
[INFO] [stderr]     Checking rand_hc v0.1.0
[INFO] [stderr]    Compiling pest_meta v2.1.3
[INFO] [stderr]    Compiling rand_pcg v0.1.2
[INFO] [stderr]    Compiling rand_chacha v0.1.1
[INFO] [stderr]    Compiling rand v0.6.5
[INFO] [stderr]     Checking iovec v0.1.4
[INFO] [stderr]     Checking num_cpus v1.12.0
[INFO] [stderr]     Checking net2 v0.2.33
[INFO] [stderr]     Checking signal-hook-registry v1.2.0
[INFO] [stderr]     Checking rand_os v0.1.3
[INFO] [stderr]     Checking crossbeam-utils v0.7.2
[INFO] [stderr]     Checking base64 v0.10.1
[INFO] [stderr]     Checking want v0.2.0
[INFO] [stderr]     Checking want v0.3.0
[INFO] [stderr]    Compiling rustc_version v0.2.3
[INFO] [stderr]     Checking futures-cpupool v0.1.8
[INFO] [stderr]     Checking bytes v0.4.12
[INFO] [stderr]     Checking clap v2.33.0
[INFO] [stderr]     Checking colored v1.9.3
[INFO] [stderr]     Checking unicode-normalization v0.1.9
[INFO] [stderr]    Compiling quote v1.0.3
[INFO] [stderr]     Checking rand_core v0.5.1
[INFO] [stderr]     Checking mio v0.6.21
[INFO] [stderr]     Checking tokio-executor v0.1.10
[INFO] [stderr]     Checking crossbeam-epoch v0.8.2
[INFO] [stderr]     Checking crossbeam-queue v0.2.1
[INFO] [stderr]     Checking flate2 v1.0.14
[INFO] [stderr]    Compiling mime_guess v2.0.3
[INFO] [stderr]    Compiling parking_lot_core v0.6.2
[INFO] [stderr]    Compiling parking_lot v0.9.0
[INFO] [stderr]    Compiling hyper v0.12.35
[INFO] [stderr]     Checking tokio-io v0.1.13
[INFO] [stderr]     Checking http v0.1.21
[INFO] [stderr]     Checking string v0.2.1
[INFO] [stderr]     Checking tokio-buf v0.1.1
[INFO] [stderr]     Checking regex v1.3.6
[INFO] [stderr]     Checking rand_chacha v0.2.2
[INFO] [stderr]    Compiling openssl-sys v0.9.54
[INFO] [stderr]    Compiling backtrace-sys v0.1.35
[INFO] [stderr]     Checking tokio-timer v0.2.13
[INFO] [stderr]     Checking tokio-current-thread v0.1.7
[INFO] [stderr]     Checking generic-array v0.9.0
[INFO] [stderr]     Checking crossbeam-deque v0.7.3
[INFO] [stderr]     Checking mio-uds v0.6.7
[INFO] [stderr]     Checking rand v0.7.3
[INFO] [stderr]     Checking http-body v0.3.1
[INFO] [stderr]     Checking idna v0.2.0
[INFO] [stderr]     Checking idna v0.1.5
[INFO] [stderr]     Checking digest v0.7.6
[INFO] [stderr]     Checking tokio-threadpool v0.1.18
[INFO] [stderr]     Checking sha2 v0.7.1
[INFO] [stderr]     Checking tokio-reactor v0.1.12
[INFO] [stderr]     Checking backtrace v0.3.46
[INFO] [stderr]    Compiling native-tls v0.2.4
[INFO] [stderr]     Checking url v2.1.1
[INFO] [stderr]     Checking url v1.7.2
[INFO] [stderr]     Checking tokio-tcp v0.1.4
[INFO] [stderr]     Checking uuid v0.7.4
[INFO] [stderr]     Checking cookie v0.12.0
[INFO] [stderr]     Checking tokio v0.1.22
[INFO] [stderr]     Checking publicsuffix v1.5.4
[INFO] [stderr]     Checking h2 v0.1.26
[INFO] [stderr]     Checking http-body v0.1.0
[INFO] [stderr]    Compiling synstructure v0.12.3
[INFO] [stderr]    Compiling pest_generator v2.1.3
[INFO] [stderr]     Checking hyper-tls v0.3.2
[INFO] [stderr]    Compiling serde_derive v1.0.105
[INFO] [stderr]    Compiling tokio-macros v0.2.5
[INFO] [stderr]    Compiling pin-project-internal v0.4.8
[INFO] [stderr]    Compiling pest_derive v2.1.0
[INFO] [stderr]     Checking tokio v0.2.13
[INFO] [stderr]     Checking comrak v0.7.0
[INFO] [stderr]     Checking failure v0.1.7
[INFO] [stderr]     Checking pin-project v0.4.8
[INFO] [stderr]     Checking tokio-util v0.2.0
[INFO] [stderr]     Checking tokio-tls v0.3.0
[INFO] [stderr]     Checking h2 v0.2.3
[INFO] [stderr]     Checking hyper v0.13.4
[INFO] [stderr]     Checking hyper-tls v0.4.1
[INFO] [stderr]     Checking serde_json v1.0.48
[INFO] [stderr]     Checking serde_urlencoded v0.5.5
[INFO] [stderr]     Checking serde_urlencoded v0.6.1
[INFO] [stderr]     Checking uuid v0.8.1
[INFO] [stderr]     Checking chrono v0.4.11
[INFO] [stderr]     Checking toml v0.5.6
[INFO] [stderr]     Checking cookie_store v0.7.0
[INFO] [stderr]     Checking reqwest v0.10.4
[INFO] [stderr]     Checking reqwest v0.9.24
[INFO] [stderr]     Checking oauth2 v3.0.0-alpha.9
[INFO] [stderr]     Checking diary2 v1.2.0 (/opt/rustwide/workdir)
[INFO] [stdout] error[E0583]: file not found for module `secret`
[INFO] [stdout]  --> src/main.rs:8:1
[INFO] [stdout]   |
[INFO] [stdout] 8 | mod secret;
[INFO] [stdout]   | ^^^^^^^^^^^
[INFO] [stdout]   |
[INFO] [stdout]   = help: to create the module `secret`, create file "src/secret.rs"
[INFO] [stdout] 
[INFO] [stdout] 
[INFO] [stdout] error[E0583]: file not found for module `secret`
[INFO] [stdout]  --> src/main.rs:8:1
[INFO] [stdout]   |
[INFO] [stdout] 8 | mod secret;
[INFO] [stdout]   | ^^^^^^^^^^^
[INFO] [stdout]   |
[INFO] [stdout]   = help: to create the module `secret`, create file "src/secret.rs"
[INFO] [stdout] 
[INFO] [stdout] 
[INFO] [stdout] error[E0425]: cannot find function `app_key` in module `secret`
[INFO] [stdout]   --> src/dropbox.rs:24:41
[INFO] [stdout]    |
[INFO] [stdout] 24 |     let app_key = ClientId::new(secret::app_key().to_string());
[INFO] [stdout]    |                                         ^^^^^^^ not found in `secret`
[INFO] [stdout] 
[INFO] [stdout] 
[INFO] [stdout] error[E0425]: cannot find function `app_secret` in module `secret`
[INFO] [stdout]   --> src/dropbox.rs:25:48
[INFO] [stdout]    |
[INFO] [stdout] 25 |     let app_secret = ClientSecret::new(secret::app_secret().to_string());
[INFO] [stdout]    |                                                ^^^^^^^^^^ not found in `secret`
[INFO] [stdout] 
[INFO] [stdout] 
[INFO] [stdout] error[E0425]: cannot find function `app_key` in module `secret`
[INFO] [stdout]   --> src/dropbox.rs:24:41
[INFO] [stdout]    |
[INFO] [stdout] 24 |     let app_key = ClientId::new(secret::app_key().to_string());
[INFO] [stdout]    |                                         ^^^^^^^ not found in `secret`
[INFO] [stdout] 
[INFO] [stdout] 
[INFO] [stdout] error[E0425]: cannot find function `app_secret` in module `secret`
[INFO] [stdout]   --> src/dropbox.rs:25:48
[INFO] [stdout]    |
[INFO] [stdout] 25 |     let app_secret = ClientSecret::new(secret::app_secret().to_string());
[INFO] [stdout]    |                                                ^^^^^^^^^^ not found in `secret`
[INFO] [stdout] 
[INFO] [stdout] 
[INFO] [stdout] error: aborting due to 3 previous errors
[INFO] [stdout] 
[INFO] [stdout] 
[INFO] [stdout] Some errors have detailed explanations: E0425, E0583.
[INFO] [stdout] 
[INFO] [stdout] For more information about an error, try `rustc --explain E0425`.
[INFO] [stdout] 
[INFO] [stderr] error: could not compile `diary2`.
[INFO] [stderr] 
[INFO] [stderr] To learn more, run the command again with --verbose.
[INFO] [stderr] warning: build failed, waiting for other jobs to finish...
[INFO] [stdout] error: aborting due to 3 previous errors
[INFO] [stdout] 
[INFO] [stdout] 
[INFO] [stdout] Some errors have detailed explanations: E0425, E0583.
[INFO] [stdout] 
[INFO] [stdout] For more information about an error, try `rustc --explain E0425`.
[INFO] [stdout] 
[INFO] [stderr] error: build failed
[INFO] running `Command { std: "docker" "inspect" "f9c85fcb07ebc1c7ba3197911bacca1e8ef015c7a58425327c9e7ff613f63998", kill_on_drop: false }`
[INFO] running `Command { std: "docker" "rm" "-f" "f9c85fcb07ebc1c7ba3197911bacca1e8ef015c7a58425327c9e7ff613f63998", kill_on_drop: false }`
[INFO] [stdout] f9c85fcb07ebc1c7ba3197911bacca1e8ef015c7a58425327c9e7ff613f63998
